{"id":2,"date":"2017-07-25T10:25:44","date_gmt":"2017-07-25T08:25:44","guid":{"rendered":"http:\/\/alexandra-desnier.com\/catalog\/?page_id=2"},"modified":"2017-07-25T11:42:49","modified_gmt":"2017-07-25T09:42:49","slug":"page-d-exemple","status":"publish","type":"page","link":"https:\/\/alexandra-desnier.com\/catalog\/","title":{"rendered":"Alexandra Desnier"},"content":{"rendered":"<p><img loading=\"lazy\" class=\"size-medium wp-image-26 alignright\" src=\"http:\/\/alexandra-desnier.com\/catalog\/wp-content\/uploads\/2017\/07\/20170617_114413-copie-2-225x300.jpg\" alt=\"\" width=\"225\" height=\"300\" srcset=\"https:\/\/alexandra-desnier.com\/catalog\/wp-content\/uploads\/2017\/07\/20170617_114413-copie-2-225x300.jpg 225w, https:\/\/alexandra-desnier.com\/catalog\/wp-content\/uploads\/2017\/07\/20170617_114413-copie-2.jpg 480w\" sizes=\"(max-width: 225px) 100vw, 225px\" \/><\/p>\n<p><strong>\u00c9crivain<\/strong><\/p>\n<p>&nbsp;<\/p>\n<div id=\"wa-row-j4zmdiea1dp4wiuhsg\" class=\"row row-align  \">\n<div class=\" col-xs-12 col-sm-12 col-md-12 col-lg-12 \">\n<div id=\"wa-comptext-j4zmdiea1dp4w2h0qo\" class=\"wa-comptext clearfix\">\n<p style=\"text-align: center;\"><strong>\u00ab D\u00e9s son plus jeune \u00e2ge, il avait d\u00e9j\u00e0 connu certains des aspects les plus sombres de l\u2019existence, de ceux qui vous marquent au fer rouge, laissant des cicatrices b\u00e9antes au fond de l\u2019\u00e2me \u00bb<\/strong><\/p>\n<p style=\"text-align: center;\">\n<p style=\"text-align: center;\"><strong><em>extrait d\u2019Ombilical\u00a0<\/em><\/strong><\/p>\n<\/div>\n<\/div>\n<\/div>\n","protected":false},"excerpt":{"rendered":"<p>\u00c9crivain &nbsp; \u00ab D\u00e9s son plus jeune \u00e2ge, il avait d\u00e9j\u00e0 connu certains des aspects les plus sombres de l\u2019existence, de ceux qui vous marquent au fer rouge, laissant des cicatrices b\u00e9antes au fond de l\u2019\u00e2me \u00bb extrait d\u2019Ombilical\u00a0<\/p>\n","protected":false},"author":1,"featured_media":0,"parent":0,"menu_order":1,"comment_status":"closed","ping_status":"open","template":"","meta":[],"aioseo_notices":[],"_links":{"self":[{"href":"https:\/\/alexandra-desnier.com\/catalog\/index.php\/wp-json\/wp\/v2\/pages\/2"}],"collection":[{"href":"https:\/\/alexandra-desnier.com\/catalog\/index.php\/wp-json\/wp\/v2\/pages"}],"about":[{"href":"https:\/\/alexandra-desnier.com\/catalog\/index.php\/wp-json\/wp\/v2\/types\/page"}],"author":[{"embeddable":true,"href":"https:\/\/alexandra-desnier.com\/catalog\/index.php\/wp-json\/wp\/v2\/users\/1"}],"replies":[{"embeddable":true,"href":"https:\/\/alexandra-desnier.com\/catalog\/index.php\/wp-json\/wp\/v2\/comments?post=2"}],"version-history":[{"count":7,"href":"https:\/\/alexandra-desnier.com\/catalog\/index.php\/wp-json\/wp\/v2\/pages\/2\/revisions"}],"predecessor-version":[{"id":62,"href":"https:\/\/alexandra-desnier.com\/catalog\/index.php\/wp-json\/wp\/v2\/pages\/2\/revisions\/62"}],"wp:attachment":[{"href":"https:\/\/alexandra-desnier.com\/catalog\/index.php\/wp-json\/wp\/v2\/media?parent=2"}],"curies":[{"name":"wp","href":"https:\/\/api.w.org\/{rel}","templated":true}]}}